ommon divisor of v and 11?
11
Let h be -3 + ((-24)/6 - -2). Let s(c) = -c**2 + 0*c**2 + 0*c**2 - 10*c. Let l be s(h). Calculate the highest common divisor of l and 10.
5
Suppose -8*z - 12 = -12*z. Suppose -2*q - 3*s = -z, 3*q = -4*s + 9 - 4. What is the greatest common factor of q and 39?
3
Let t = 307 - 281. Let q = -83 - -122. Calculate the highest common factor of q and t.
13
Let r be -6 - (5 - (-228)/(0 + -6)). Calculate the greatest common factor of r and 81.
27
Suppose -s + s = -3*s. Suppose 0 = -3*r + 2*r + 4, t = -5*r + 25. Suppose t*v + 18 = b + 4*v, s = b + 5*v. What is the greatest common factor of b and 165?
15
Suppose 0*t = -u + 4*t + 8, 0 = -5*t. Let v = 233 + -221. What is the greatest common divisor of u and v?
4
Let s(i) = i**2 - 60. Let b be s(-8). What is the greatest common divisor of 52 and b?
4
Let j(y) = y**3 - 3*y**2 - y + 8. Let l be j(4). Suppose l = 3*a - b - 0, a = 3*b + 12. What is the highest common divisor of 4 and a?
2
Let r = 413 + -122. Let n be (-4 + r)/7 + (-2 - 0). Calculate the greatest common factor of 312 and n.
39
Suppose -77 = -2*l + 133. Let a be (4 + 0)*(15/12 - -4). Suppose p - 2*p + a = 0. What is the highest common factor of p and l?
21
Let u(b) be the first derivative of 10*b + 2*b**2 - 6 + 0*b**2 + 0*b**2. Let a be u(11). Calculate the highest common divisor of 6 and a.
6
Let l(g) = -g**3 - 5*g**2 + g + 8. Let m be l(-8). Let s = 418 + -394. What is the highest common factor of m and s?
24
Let n be (4/(-6))/((-96)/(-468))*-28. Suppose 2*v - v = 13. Calculate the highest common divisor of n and v.
13
Suppose -9*c + 5*c = -4*k + 112, 22 = k - 4*c. Calculate the highest common factor of 20 and k.
10
Let c = 6 - 0. Let x be c*3 + -4 + 0. Let h(t) = 7*t**2 - 3*t - 2. Let l be h(4). Calculate the greatest common divisor of l and x.
14
Let f be 51*(-12)/(-45) + 2/5. Let o be 7/f - (-98)/4. Calculate the highest common divisor of o and 10.
5
Suppose -21 = -3*y - 3*x, 0 = -5*y - 2*x - 7 + 36. Calculate the greatest common factor of y and 20.
5
Let h = 2 - -1. Suppose 3*p - 103 = p - 3*w, -p + 47 = -h*w. Suppose 0*o - 40 = -4*o. What is the greatest common divisor of p and o?
10
Suppose 0 = s - 5 - 1. Suppose -48 = 2*g - s*g. What is the greatest common factor of g and 12?
12
Suppose n = 3*x - 13, -3*x = -x + n - 7. Let k = x - 2. Let i be 480/6 + (-6)/k. What is the greatest common divisor of 11 and i?
11
Suppose -4*k + 0*k = -116. Let b be (k + -2)*(3 - 1/3). What is the highest common factor of 8 and b?
8
Let y(t) = t**2 - 25*t - 138. Let u be y(-5). What is the greatest common factor of u and 18?
6
Let n(x) be the first derivative of -7*x**2 - 2*x + 1. Let b be n(-1). What is the greatest common divisor of 48 and b?
12
Let o be (2 + -3)*(-1 - -2). Let t be 12/(-18)*(-71 + o). Let u = 13 + 19. What is the highest common divisor of u and t?
16
Let n be (-15 - 14)/(-1 + 0). Let w = -21 + n. Suppose v + 4*v - 320 = 0. What is the greatest common divisor of w and v?
8
Suppose -2*x + 5*k - 20 = 0, 4*k - 33 = -2*x + 7*x. Let z = 38 + x. Suppose -4*p + 4*y = -104, -y = y + 8. Calculate the highest common divisor of p and z.
11
Let t(l) = -l**3 + 7*l**2 + 7*l + 11. Let b be t(8). Suppose 3*w + 53 = -n + 16, -5*n = 5*w + 225. Let h = b - n. What is the highest common factor of h and 78?
26
Let k be (224 + 2)*2/(6 + -2). Calculate the highest common factor of k and 1921.
113
Let b be ((-273)/7 - -4)*-7. Calculate the highest common factor of 105 and b.
35
Let p = 283 - 278. Calculate the greatest common divisor of p and 115.
5
Let z be (7 + -1)*(90/10 + -7). Calculate the highest common factor of 204 and z.
12
Let c(h) = 2*h**3 + 18*h**2 + 13*h + 69. Let r be c(-6). Calculate the highest common factor of 483 and r.
69
Suppose -u = 4*u - 40. Let t be 2*((-84)/u - 1). Let j = t - -43. What is the highest common divisor of j and 220?
20
Let r = 8 + -74. Let u be r/30 - (-1)/5. Let x = u - -10. Calculate the greatest common divisor of 56 and x.
8
Suppose 4*t + 5*a = 3*a + 60, 4*t - 3*a - 60 = 0. Calculate the greatest common factor of t and 15.
15
Suppose 2*k - 11 = -3*r + 30, 0 = -5*k + 3*r + 155. What is the highest common divisor of 189 and k?
7
Suppose -26*g + 14305 - 5153 = 0. Suppose v + 2*q - 3 = 0, 2*v = 5*q - 6 + 48. Calculate the greatest common divisor of v and g.
11
Let r be 1*-17 - (8 + -12). Let a(l) = -2*l - 6. Let c be a(r). What is the greatest common divisor of 4 and c?
4
Let o = -76 + 61. Let h be o*(-1)/((-3)/(-3)). What is the greatest common factor of 1 and h?
1
Suppose 45 = 5*h - 5*x, -3*x - 1 + 4 = 2*h. Suppose -5*o + h*o = 9. Calculate the greatest common factor of o and 63.
9
Suppose -5*v - 819 = -3*w, w + 831 = -5*v - 2*w. Let i be 36/(-45)*v/6. Suppose 4*p - 35 = 9. What is the greatest common factor of i and p?
11
Suppose 0 = 2*k + 5*o - 5, 2*o = 2*k - 0*k - 40. Calculate the greatest common factor of k and 25.
5
Let m(z) = -z**3 - 5*z**2 - 5*z. Let k be m(-4). Let o = k - 4. Let q be o - 2*9/(-6). What is the greatest common factor of q and 12?
3
Let m be ((-10)/(-4))/((-1)/4). Let s be m/(-25) - 534/(-15). Calculate the highest common divisor of 180 and s.
36
Let z = 472 - 387. What is the greatest common factor of 17 and z?
17
Let u(c) = 7*c**2 + 13*c - 99. Let d be u(-17). What is the greatest common divisor of 13 and d?
13
Suppose 3*a = 12, -3*w + 41 + 3 = 5*a. Calculate the highest common divisor of w and 88.
8
Let p = 220 + -180. Calculate the greatest common factor of p and 380.
20
Suppose 14*k = 12*k + 8, 3*q = -k + 745. Calculate the highest common divisor of 76 and q.
19
Let b = 30 - 34. Suppose 0 = 3*d - 4*d - 20. Let r be (-344)/d + b/(-5). Calculate the greatest common factor of 90 and r.
18
Let j = -147 + 195. Calculate the highest common factor of j and 224.
16
Let r(i) = 2*i**3 - 10*i**2 + 8*i + 4. Let u be r(4). What is the highest common divisor of 34 and u?
2
Let w(a) = -134*a - 1. Let v be w(1). Let o = -47 - v. Suppose -b - b = -o. Calculate the highest common factor of b and 4.
4
Let g = -47 - -92. Let o(p) = -70*p + 1. Let j be o(-1). Suppose -c = 3*w - 43, 0*w + 2*c = -5*w + j. Calculate the highest common divisor of g and w.
15
Let n = -45 + 76. Suppose 0 = -13*o + 17*o - 88. Let j = n - o. Calculate the greatest common divisor of 36 and j.
9
Let g(u) = -u**2 + 11*u - 29. Let x be g(6). Let n be (-3 - -4)*4*x. Calculate the highest common factor of n and 36.
4
Let k(j) = j**3 - 12*j**2 + 33*j - 42. Let x be k(10). Calculate the highest common divisor of 220 and x.
44
Let c be (-6)/(-1*2/60). Suppose -495 = -5*f - 0*f. Let o be 1962/f - 4/(-22). What is the greatest common divisor of o and c?
20
Let l(p) = -p**2 + 6*p + 23. Let h be l(8). What is the greatest common divisor of 441 and h?
7
Let j(m) = -7*m. Let k be j(-5). Let t = k + -13. Suppose 4*n - 6*n - 2*i = -4, 3*n + 4*i = 6. Calculate the highest common divisor of t and n.
2
Suppose 3*c + 6 = p, 2*c + 5 = -0*p + p. Let d be ((-90)/8)/c*4. What is the highest common factor of d and 15?
15
Let q(w) = 27*w**2 + 10*w - 3. Let o be q(-2). Suppose 136 = t + 3*t. Calculate the greatest common factor of o and t.
17
Suppose -3*p - 3*j + 1853 - 71 = 0, -4*j - 604 = -p. Suppose 0 = -4*v - 16 + p. Calculate the greatest common divisor of 58 and v.
29
Suppose -235 = -49*b + 647. What is the highest common divisor of 10 and b?
2
Let p(o) = 5*o**2 - 4 - 3 + 5*o + 3*o**2 - 7*o**2. Let c be p(-9). Calculate the greatest common divisor of c and 58.
29
Suppose -13*m + 1508 = 45*m. Calculate the highest common divisor of m and 2158.
26
Suppose -2*w - w = -z - 7, 0 = 4*w - 12. Let a = z - 7. Let d(n) = n**2 + 2*n - 6. Let i be d(a). Calculate the greatest common divisor of i and 27.
9
Suppose -152 = 5*q + 18. Let u = -13 - q. Let t = -22 - -36. What is the greatest common divisor of t and u?
7
Let l be (286/(-8) + 1)*(-32)/8. Suppose -4*f = -5*b + 136, -b + 6*b = f + l. Calculate the highest common factor of b and 252.
28
Suppose -3*h + 94 + 446 = 0. Suppose 3*i = -m + 129 + 346, -4*m - h = -i. Calculate the highest common divisor of i and 64.
32
Let s be -2*(142/(-4) + 0). Suppose -295 = 19*b + 636. Let k = s + b. What is the greatest common factor of 55 and k?
11
Let j be 8/340*5 + (-3560)/(-85). Let y(w) = 70*w. Let i